 digit of 187180?
8
What is the hundreds digit of 1202?
2
What is the units digit of 858?
8
What is the hundreds digit of 1948?
9
What is the units digit of 7288?
8
What is the units digit of 284?
4
What is the ten thousands digit of 95564?
9
What is the tens digit of 98636?
3
What is the hundreds digit of 404?
4
What is the thousands digit of 5962?
5
What is the units digit of 521?
1
What is the units digit of 2190?
0
What is the tens digit of 1261?
6
What is the units digit of 2995?
5
What is the thousands digit of 2446?
2
What is the hundreds digit of 4578?
5
What is the tens digit of 8006?
0
What is the hundreds digit of 6920?
9
What is the tens digit of 6288?
8
What is the tens digit of 6509?
0
What is the units digit of 1124?
4
What is the units digit of 30199?
9
What is the thousands digit of 63899?
3
What is the thousands digit of 24707?
4
What is the units digit of 97?
7
What is the thousands digit of 31316?
1
What is the tens digit of 1137?
3
What is the thousands digit of 30829?
0
What is the hundreds digit of 28951?
9
What is the tens digit of 53914?
1
What is the ten thousands digit of 24856?
2
What is the thousands digit of 1002?
1
What is the ten thousands digit of 19859?
1
What is the tens digit of 19736?
3
What is the thousands digit of 8469?
8
What is the tens digit of 378?
7
What is the hundreds digit of 4508?
5
What is the units digit of 3206?
6
What is the tens digit of 478?
7
What is the hundreds digit of 8165?
1
What is the thousands digit of 22688?
2
What is the units digit of 37018?
8
What is the hundreds digit of 577?
5
What is the units digit of 168?
8
What is the hundreds digit of 4542?
5
What is the tens digit of 448?
4
What is the units digit of 1269?
9
What is the hundreds digit of 61266?
2
What is the units digit of 92391?
1
What is the units digit of 2866?
6
What is the hundreds digit of 1224?
2
What is the thousands digit of 14055?
4
What is the units digit of 2175?
5
What is the units digit of 4224?
4
What is the hundreds digit of 82449?
4
What is the tens digit of 11369?
6
What is the hundreds digit of 60306?
3
What is the hundreds digit of 18156?
1
What is the units digit of 11795?
5
What is the units digit of 33295?
5
What is the hundreds digit of 3941?
9
What is the units digit of 21552?
2
What is the ten thousands digit of 54294?
5
What is the tens digit of 161?
6
What is the thousands digit of 22483?
2
What is the units digit of 2603?
3
What is the hundreds digit of 65377?
3
What is the hundreds digit of 109154?
1
What is the units digit of 250?
0
What is the thousands digit of 22194?
2
What is the thousands digit of 9487?
9
What is the tens digit of 507?
0
What is the tens digit of 37260?
6
What is the ten thousands digit of 35184?
3
What is the ten thousands digit of 18825?
1
What is the units digit of 4782?
2
What is the hundreds digit of 2106?
1
What is the tens digit of 7399?
9
What is the tens digit of 9085?
8
What is the tens digit of 2496?
9
What is the units digit of 29618?
8
What is the ten thousands digit of 18242?
1
What is the tens digit of 2696?
9
What is the thousands digit of 29299?
9
What is the hundred thousands digit of 100038?
1
What is the hundreds digit of 4192?
1
What is the units digit of 2449?
9
What is the ten thousands digit of 19698?
1
What is the tens digit of 650?
5
What is the tens digit of 5855?
5
What is the units digit of 4639?
9
What is the hundreds digit of 4391?
3
What is the thousands digit of 1056?
1
What is the tens digit of 1532?
3
What is the ten thousands digit of 18611?
1
What is the units digit of 2651?
1
What is the ten thousands digit of 14666?
1
What is the ten thousands digit of 20996?
2
What is the ten thousands digit of 12335?
1
What is the tens digit of 1821?
2
What is the thousands digit of 3216?
3
What is the hundreds digit of 285?
2
What is the tens digit of 913?
1
What is the units digit of 27981?
1
What is the units digit of 132099?
9
What is the hundreds digit of 369?
3
What is the hundreds digit of 534?
5
What is the hundreds digit of 2472?
4
What is the thousands digit of 94771?
4
What is the thousands digit of 14603?
4
What is the thousands digit of 3954?
3
What is the tens digit of 60371?
7
What is the ten thousands digit of 53363?
5
What is the tens digit of 84?
8
What is the ten thousands digit of 20503?
2
What is the hundreds digit of 3420?
4
What is the ten thousands digit of 28763?
2
What is the hundreds digit of 993?
9
What is the hundreds digit of 11090?
0
What is the thousands digit of 6274?
6
What is the ten thousands digit of 14829?
1
What is the hundreds digit of 249?
2
What is the tens digit of 94?
9
What is the units digit of 3090?
0
What is the thousands digit of 10086?
0
What is the tens digit of 34937?
3
What is the units digit of 6410?
0
What is the tens digit of 26997?
9
What is the units digit of 1991?
1
What is the units digit of 6708?
8
What is the hundreds digit of 2864?
8
What is the tens digit of 19578?
7
What is the hundreds digit of 1068?
0
What is the units digit of 1856?
6
What is the units digit of 540?
0
What is the thousands digit of 9078?
9
What is the hundreds digit of 5364?
3
What is the units digit of 137844?
4
What is the hundreds digit of 1096?
0
What is the ten thousands digit of 17504?
1
What is the hundreds digit of 1475?
4
What is the tens digit of 949?
4
What is the thousands digit of 7530?
7
What is the thousands digit of 26431?
6
What is the units digit of 91?
1
What is the thousands digit of 85986?
5
What is the units digit of 28142?
2
What is the thousands digit of 4208?
4
What is the tens digit of 364?
6
What is the hundreds digit of 3564?
5
What is the units digit of 509?
9
What is the hundreds digit of 130?
1
What is the tens digit of 6873?
7
What is the tens digit of 300?
0
What is the thousands digit of 2707?
2
What is the tens digit of 440?
4
What is the ten thousands digit of 77271?
7
What is the thousands digit of 1044?
1
What is the thousands digit of 1232?
1
What is the tens digit of 1910?
1
What is the hundreds digit of 739?
7
What is the tens digit of 8040?
4
What is the units digit of 3190?
0
What is the tens digit of 343?
4
What is the thousands digit of 98113?
8
What is the units digit of 68?
8
What is the tens digit of 84248?
4
What is the hundreds digit of 107000?
0
What is the tens digit of 53954?
5
What is the units digit of 2750?
0
What is the units digit of 8067?
7
What is the units digit of 91329?
9
What is the hundreds digit of 4208?
2
What is the thousands digit of 1503?
1
What is the units digit of 50418?
8
What is the hundreds digit of 18757?
7
What is the hundreds digit of 30070?
0
What is the tens digit of 181?
8
What is the units digit of 9003?
3
What is the hundreds digit of 3033?
0
What is the ten thousands digit of 96873?
9
What is the units digit of 638?
8
What is the thousands digit of 8442?
8
What is the thousands digit of 1684?
1
What is the tens digit of 18629?
2
What is the ten thousands digit of 47452?
4
What is the tens digit of 1500?
0
What is the hundreds digit of 7181?
1
What is the hundreds digit of 1855?
8
What is the tens digit of 4559?
5
What is the units digit of 7664?
4
What is the thousands digit of 19439?
9
What is the hundreds digit of 141?
1
What is the thousands digit of 1177?
1
What is the thousands digit of 16054?
6
What is the ten thousands digit of 13396?
1
What is the ten thousands digit of 14940?
1
What is the tens digit of 3891?
9
What is the ten thousands digit of 83428?
8
What is the thousands digit of 1131?
1
What is the thousands digit of 103891?
3
What is the ten thousands digit of 54626?
5
What is the units digit of 35109?
9
What is the tens digit of 14544?
4
What is the tens digit of 13583?
8
What is the hundreds digit of 14210?
2
What is the thousands digit of 8721?
8
What is the units digit of 652?
2
What is the thousands digit of 2433?
2
What is the tens digit of 2864?
6
What is the thousands digit of 5015?
5
What is the tens digit of 15?
1
What is the units digit of 10323?
3
What is the thousands digit of 104296?
4
What is the thousands digit of 4739?
4
What is the units digit of 46395?
5
What is the hundreds digit of 399?
3
What is the hundreds digit of 2139?
1
What is the thousands digit of 22660?
2
What is the ten thou